020
In base 14, what is -b39d - -7?
-b396
In base 6, what is -444020050 + 5?
-444020041
In base 9, what is -3172355 - 2?
-3172357
In base 9, what is -1067 - -1636?
558
In base 9, what is -4200 - 1300?
-5500
In base 15, what is 1b - 234e?
-2333
In base 2, what is 100 - 1101111010111?
-1101111010011
In base 15, what is 2a - 47b?
-451
In base 10, what is 3 - -339?
342
In base 4, what is 20 + -100233?
-100213
In base 5, what is -241323042 - 0?
-241323042
In base 7, what is -223 - -12335?
12112
In base 3, what is 22002020101211 + -2?
22002020101202
In base 9, what is -7840 + 14?
-7825
In base 12, what is 4411 - 9?
4404
In base 12, what is 80 - 319?
-259
In base 7, what is -1531 + 66?
-1432
In base 15, what is -36d6c + -1?
-36d6d
In base 7, what is 5554340 - -5?
5554345
In base 11, what is 38a49 + -1?
38a48
In base 2, what is -10101100110011 - -11?
-10101100110000
In base 15, what is -1 - 15eb?
-15ec
In base 10, what is 144487 - 7?
144480
In base 9, what is -8 + 10112?
10103
In base 14, what is -4 + 16d466?
16d462
In base 14, what is 165 - 60?
105
In base 8, what is 27 + -7?
20
In base 9, what is -1275 - 1140?
-2425
In base 5, what is 2 + -240111?
-240104
In base 13, what is -c5a1 + 5?
-c599
In base 9, what is 2 - 1347421?
-1347418
In base 9, what is 553567 + 5?
553573
In base 9, what is -617 - 20554?
-21272
In base 8, what is -13151320 - 5?
-13151325
In base 9, what is 4 + 30833?
30837
In base 7, what is -464552 - -11?
-464541
In base 13, what is 3 + 19594?
19597
In base 9, what is 1762 - -600?
2462
In base 9, what is -1 - -11641?
11640
In base 7, what is 203661 + 1?
203662
In base 5, what is 401304 - 33?
401221
In base 7, what is 355645 - -14?
355662
In base 6, what is -24 - -4153?
4125
In base 4, what is 1100312 - 220?
1100032
In base 2, what is 10000011 + 110111000110?
111001001001
In base 2, what is 10 + -1111011110001110100?
-1111011110001110010
In base 16, what is -2 - 2f80?
-2f82
In base 13, what is -3 - 2014bb?
-2014c1
In base 2, what is 0 + 11001100111?
11001100111
In base 8, what is 224 - -1073?
1317
In base 12, what is 12a7b7b - -3?
12a7b82
In base 16, what is -9a + -15b?
-1f5
In base 6, what is -1100 - -1342?
242
In base 14, what is 798aa - 5?
798a5
In base 12, what is 270 - 72b?
-47b
In base 12, what is -54 - 262?
-2b6
In base 6, what is -102 - 13404?
-13510
In base 14, what is -9 + 85?
7a
In base 15, what is e0 + e14?
1004
In base 6, what is 114020 - -3?
114023
In base 14, what is 1c1c + 19?
1c37
In base 7, what is 13352643 + 2?
13352645
In base 6, what is -43414111 + 2?
-43414105
In base 16, what is 348 - -1f?
367
In base 13, what is -18b + -3c2?
-580
In base 8, what is -66556 - 3?
-66561
In base 2, what is -1100001101000111100 - -1?
-1100001101000111011
In base 9, what is 6 - 10653?
-10646
In base 12, what is 18 - -2355?
2371
In base 12, what is -b + -3870?
-387b
In base 10, what is 3178 - -39?
3217
In base 9, what is 10 - 33278?
-33268
In base 4, what is -122 + -12232222?
-12233010
In base 10, what is -992 - 416?
-1408
In base 6, what is -203 + -2551?
-3154
In base 4, what is -13 - -301312?
301233
In base 9, what is -6 + 16821?
16814
In base 12, what is 16b6 - -a?
1704
In base 6, what is -553041 + -2?
-553043
In base 9, what is 31062 + -4?
31057
In base 8, what is -2465 + 12?
-2453
In base 13, what is 242 - -413?
655
In base 14, what is 33b - 90?
28b
In base 5, what is 10 + 34102?
34112
In base 10, what is -436711 + 5?
-436706
In base 11, what is -3534 - -25?
-350a
In base 16, what is 2d0e0 + -3?
2d0dd
In base 12, what is 575 + 8?
581
In base 10, what is 8 - -37271?
37279
In base 3, what is 1222202212110 - 0?
1222202212110
In base 4, what is 132011321 + 1?
132011322
In base 4, what is 311 - -121123101?
121130012
In base 12, what is -16 - -37107?
370b1
In base 5, what is -131133323 - -10?
-131133313
In base 10, what is -12153 - -307?
-11846
In base 3, what is 11 + -2210212101?
-2210212020
In base 11, what is -20 + 8135?
8115
In base 5, what is 104 + 234021?
234130
In base 8, what is 675 + 272?
1167
In base 16, what is -cd1 - 1?
-cd2
In base 5, what is 14 + -4134034?
-4134020
In base 14, what is 3ba + 2d?
409
In base 14, what is 4 + -b4a7?
-b4a3
In base 7, what is -4 - 225543?
-225550
In base 13, what is 2 + 4a943?
4a945
In base 2, what is 10011110001 + 0?
10011110001
In base 8, what is 2 + 172162?
172164
In base 2, what is -10010110111010 + 10111101?
-10010011111101
In base 14, what is -1 + 27b4?
27b3
In base 11, what is 1a18 + -345?
1683
In base 4, what is -1220 - -1103?
-111
In base 4, what is 1230203133 - 10?
1230203123
In base 6, what is 34223 - 23?
34200
In base 15, what is 112 - b5d?
-a4b
In base 4, what is -2322 + 1203?
-1113
In base 11, what is 104 + 699?
7a2
In base 11, what is -84 - 1024?
-10a8
In base 6, what is 420355 + 44?
420443
In base 14, what is -b7 - 3260?
-3337
In base 6, what is 50 + -11053?
-11003
In base 7, what is -24 + -43042?
-43066
In base 8, what is -1242 + 62?
-1160
In base 13, what is 18 - 1694b?
-16933
In base 12, what is 553 - 7b5?
-262
In base 16, what is 3 - -179d?
17a0
In base 6, what is 1055 + -100123?
-55024
In base 9, what is -11 - -164?
153
In base 16, what is -5 + -3113?
-3118
In base 4, what is -13202212 + 0?
-13202212
In base 2, what is -11111111110111 - 111111010?
-100000111110001
In base 6, what is -50545 - 4?
-50553
In base 15, what is -325e8 + -4?
-325ec
In base 8, what is -260365 + -3?
-260370
In base 5, what is 14230022 + 0?
14230022
In base 2, what is -101000100010 - 1101011110?
-110110000000
In base 8, what is 4 - -616250?
616254
In base 4, what is -1231 + -21333?
-23230
In base 10, what is -4 + -735692?
-735696
In base 12, what is 0 - 67131?
-67131
In base 15, what is 7d + 81?
10e
In base 13, what is 1b - 72cb6?
-72c98
In base 5, what is 2104 + 324101?
331210
In base 15, what is -6 - -1758b?
17585
In base 14, what is 10d - 2a08?
-28d9
In base 6, what is 2432531 - -2?
2432533
In base 11, what is -13a - 1a6?
-335
In base 12, what is -17bb5 - -7?
-17baa
In base 6, what is -130512144 - -4?
-130512140
In base 7, what is -25 + -54354?
-54412
In base 6, what is -1312 - -11234?
5522
In base 12, what is -123b1a + 4?
-123b16
In base 13, what is 1bc03 - -2?
1bc05
In base 6, what is -3044500 - -4?
-3044452
In base 10, what is -15 + -163197?
-163212
In base 8, what is -2266112 + -3?
-2266115
In base 11, what is -5 + -3320a?
-33214
In base 15, what is -272 + -c2?
-344
In base 9, what is 5 - 26436?
-26431
In base 11, what is -2563 + 8?
-2556
In base 2, what is -100 - 1111001101100111?
-1111001101101011
In base 11, what is -1050a - 20?
-1052a
In base 10, what is -257 - 3563?
-3820
In base 16, what is f7fe - 5?
f7f9
In base 12, what is 1 - -1a1b2?
1a1b3
In base 6, what is 3541 - -211?
4152
In base 6, what is -1 - 3544554?
-3544555
In base 4, what is -311312 + 330?
-310322
In base 6, what is -2135 + 543?
-1152
In base 7, what is -4641 - -24?
-4614
In base 9, what is -312 - 1650?
-2062
In base 13, what is 0 + -3126?
-3126
In base 8, what is 1 + -1527747?
-1527746
In base 13, what is 1787 + -8?
177c
In base 14, what is -374 + -469?
-7dd
In base 14, what is 64 - -560c?
5672
In base 11, what is -1168 + 993?
-285
In base 11, what is 5152 + 1?
5153
In base 15, what is 1 + -26?
-25
In base 5, what is -31 + 43241?
43210
In base 2, what is -1010001011010001100 - 11?
-1010001011010001111
In base 11, what is -32782 - 5?
-32787
In base 11, what is -26 - -136?
110
In base 15, what is -5 + -142bd7?
-142bdc
In base 3, what is 121 + 10222021?
10222212
In base 14, what is -3a989 - 5?
-3a990
In base 6, what is -32 + -2045?
-2121
In base 10, what is -1 - 14689?
-14690
In base 13, what is -33acab + 2?
-33aca9
In base 5, what is -22 + -20223414?
-20223441
In base 3, what is -100210112212110 + -12?
-100210112212122
In base 8, what is -13220 - -20?
-13200
In base 2, what is -101110110010100001001 - -100?
-101110110010100000101
In base 12, what is 5 - -7815?
781a
In base 9, what is -128 - -182?
53
In base 6, what is 11330 + 21?
11351
In base 2, what is -11100011010 + -10100111?
-11111000001
In base 5, what is -11241104 + -121?
-11241230
In base 14, what is d78c - -c?
d79a
In base 12, what is 27b1 - -19?
280a
In base 9, what is -4410 + -7?
-4417
In base 9, what is -420 + -266?
-686
In base 4, what is -311303223 + 1?
-311